378574?
2, 79, 2166953
What are the prime factors of 268915570?
2, 5, 7, 11, 349241
List the prime factors of 217894367.
217894367
What are the prime factors of 211992083?
127, 313, 5333
List the prime factors of 98005341.
3, 7, 37, 487
List the prime factors of 2689316481.
3, 191, 449, 10453
What are the prime factors of 7401768?
2, 3, 11, 23, 53
What are the prime factors of 160295149?
7, 239, 95813
List the prime factors of 1932493180.
2, 5, 41, 2356699
List the prime factors of 25978920.
2, 3, 5, 11, 19681
What are the prime factors of 2593863076?
2, 7, 419, 221093
What are the prime factors of 6473696148?
2, 3, 31, 41, 47161
What are the prime factors of 35477849?
11, 3225259
List the prime factors of 27491045.
5, 5498209
What are the prime factors of 26494039?
11, 13, 16843
What are the prime factors of 41113671?
3, 2939, 4663
List the prime factors of 8516741.
8516741
What are the prime factors of 161014411?
161014411
What are the prime factors of 707789?
707789
What are the prime factors of 518258503?
7, 271, 359, 761
List the prime factors of 84721368.
2, 3, 131, 26947
What are the prime factors of 862971822?
2, 3, 23, 541, 3853
List the prime factors of 26136823.
59, 442997
What are the prime factors of 42468117?
3, 14156039
List the prime factors of 52264474.
2, 181, 353, 409
What are the prime factors of 184153081?
7, 26307583
What are the prime factors of 35547285?
3, 5, 2369819
List the prime factors of 637513424.
2, 39844589
List the prime factors of 68350855.
5, 13670171
What are the prime factors of 1191580942?
2, 29, 47, 15073
What are the prime factors of 2474463759?
3, 4547, 181399
List the prime factors of 23114305.
5, 17, 29, 9377
What are the prime factors of 6351014286?
2, 3, 67, 5266181
List the prime factors of 3046635551.
47, 4999, 12967
What are the prime factors of 29763498?
2, 3, 17, 103, 2833
List the prime factors of 25787421.
3, 11, 101, 2579
List the prime factors of 1560986792.
2, 1657, 117757
List the prime factors of 411765462.
2, 3, 22875859
What are the prime factors of 580614115?
5, 109, 1065347
List the prime factors of 628076864.
2, 31, 316571
List the prime factors of 69588368.
2, 4349273
What are the prime factors of 233537670?
2, 3, 5, 17, 152639
List the prime factors of 1821240793.
31, 58749703
List the prime factors of 7538790.
2, 3, 5, 7, 35899
What are the prime factors of 3664972157?
7, 11, 47, 1012703
List the prime factors of 31080109.
229, 135721
List the prime factors of 59245010.
2, 5, 11, 23, 23417
What are the prime factors of 642153684?
2, 3, 1619, 33053
What are the prime factors of 39554772?
2, 3, 3296231
List the prime factors of 3562464181.
23, 154889747
What are the prime factors of 71142870?
2, 3, 5, 211, 11239
List the prime factors of 302443755.
3, 5, 29, 719, 967
List the prime factors of 554562368.
2, 233, 37189
What are the prime factors of 2979337572?
2, 3, 27586459
List the prime factors of 28587025.
5, 1143481
List the prime factors of 4802218159.
4057, 1183687
List the prime factors of 2794366078.
2, 7, 3821, 52237
What are the prime factors of 38111004?
2, 3, 1058639
List the prime factors of 382792141.
29, 61, 353, 613
List the prime factors of 39390344.
2, 7, 19, 37021
What are the prime factors of 264555338?
2, 23, 5751203
List the prime factors of 236560712.
2, 17, 1739417
List the prime factors of 629112795.
3, 5, 17, 1181, 2089
List the prime factors of 74122809.
3, 24707603
List the prime factors of 4703927146.
2, 89, 709, 37273
What are the prime factors of 97948496?
2, 19, 43, 59, 127
What are the prime factors of 24199048?
2, 3024881
What are the prime factors of 6675848980?
2, 5, 47, 127, 55921
What are the prime factors of 1950843559?
7, 278691937
What are the prime factors of 2809702277?
181, 15523217
List the prime factors of 3105092399.
313, 9920423
What are the prime factors of 90677741?
7, 11, 659, 1787
What are the prime factors of 18895724?
2, 1301, 3631
What are the prime factors of 48849540?
2, 3, 5, 431, 1889
List the prime factors of 6996484.
2, 11, 19, 8369
What are the prime factors of 764014907?
1543, 495149
List the prime factors of 3130211809.
3130211809
List the prime factors of 5431695.
3, 5, 257, 1409
List the prime factors of 101820304.
2, 6363769
What are the prime factors of 3217442144?
2, 7, 3701, 3881
List the prime factors of 8696677399.
85933, 101203
List the prime factors of 169746832.
2, 10609177
What are the prime factors of 306654650?
2, 5, 6133093
List the prime factors of 114082142.
2, 701, 81371
What are the prime factors of 95893127?
11, 8717557
What are the prime factors of 632393072?
2, 643, 61469
List the prime factors of 191384850.
2, 3, 5, 1275899
What are the prime factors of 87149068?
2, 97, 224611
List the prime factors of 95364059.
7, 19, 37, 19379
List the prime factors of 1531354645.
5, 17, 383, 2767
What are the prime factors of 4660580689?
23, 109, 283, 6569
What are the prime factors of 1961520761?
1961520761
List the prime factors of 1705777520.
2, 5, 23, 433, 2141
List the prime factors of 83198236.
2, 11, 1890869
List the prime factors of 30453933.
3, 43, 236077
List the prime factors of 809741230.
2, 5, 67, 1208569
What are the prime factors of 142548468?
2, 3, 17, 233, 2999
List the prime factors of 925453282.
2, 13, 619, 57503
What are the prime factors of 557789476?
2, 139447369
What are the prime factors of 4006069857?
3, 269, 1654717
What are the prime factors of 8773732?
2, 11, 199403
What are the prime factors of 92671394?
2, 331, 139987
What are the prime factors of 222078594?
2, 3, 1321, 28019
What are the prime factors of 445744941?
3, 59, 431, 5843
What are the prime factors of 37076956?
2, 7, 41, 32297
What are the prime factors of 8404923085?
5, 13, 103, 1063, 1181
What are the prime factors of 13665535?
5, 13, 17, 83, 149
List the prime factors of 117327447.
3, 227, 709
List the prime factors of 38792812.
2, 23, 421661
What are the prime factors of 213389601?
3, 71129867
List the prime factors of 127952046.
2, 3, 191, 37217
List the prime factors of 4840169692.
2, 1210042423
What are the prime factors of 31216374?
2, 3, 7, 269, 307
List the prime factors of 374479699.
11, 34043609
List the prime factors of 182716113.
3, 60905371
List the prime factors of 356012553.
3, 13, 41, 222647
List the prime factors of 4102257562.
2, 13, 37, 1087, 3923
List the prime factors of 33541978.
2, 43, 79, 4937
List the prime factors of 39043025.
5, 7, 223103
What are the prime factors of 3257134?
2, 1628567
List the prime factors of 23281170.
2, 3, 5, 11, 70549
What are the prime factors of 3803206353?
3, 1267735451
What are the prime factors of 398929545?
3, 5, 7, 31, 40853
What are the prime factors of 173533554?
2, 3, 53, 101, 1801
What are the prime factors of 2167436752?
2, 13, 607, 17167
What are the prime factors of 1694155562?
2, 11, 61, 1262411
What are the prime factors of 17181882?
2, 3, 67, 1583
List the prime factors of 36075069.
3, 421, 9521
What are the prime factors of 34883148?
2, 3, 43, 67, 1009
List the prime factors of 54450047.
54450047
What are the prime factors of 109849670?
2, 5, 7, 37, 73, 83
List the prime factors of 759213839.
31, 24490769
What are the prime factors of 368103040?
2, 5, 17, 23, 1471
List the prime factors of 20997669.
3, 7, 11, 17, 5347
What are the prime factors of 294282459?
3, 29, 641, 1759
List the prime factors of 119116444.
2, 197, 151163
What are the prime factors of 845957799?
3, 73, 1287607
List the prime factors of 2771587460.
2, 5, 61, 83, 101, 271
List the prime factors of 325089481.
1913, 169937
What are the prime factors of 267052561?
29, 113, 227, 359
List the prime factors of 1268138919.
3, 17, 2111, 11779
List the prime factors of 39212237.
39212237
List the prime factors of 4172394251.
4172394251
List the prime factors of 105833171.
5347, 19793
What are the prime factors of 1655208940?
2, 5, 7, 11, 19, 56569
What are the prime factors of 62006450?
2, 5, 11, 37, 277
List the prime factors of 12009924.
2, 3, 61, 1823
What are the prime factors of 555829955?
5, 977, 113783
What are the prime factors of 483063220?
2, 5, 19, 359, 3541
List the prime factors of 138933559.
43, 193, 16741
What are the prime factors of 65580268?
2, 13, 23, 54833
List the 